3 a composite number?
False
Is 1357605919 a prime number?
True
Is 1182279653 composite?
False
Is 13975485343 prime?
True
Is 650386019 composite?
True
Is 49819391 a prime number?
False
Is 3248412091 a prime number?
False
Is 645800681 a prime number?
False
Is 14650592491 a prime number?
True
Is 4051445921 a prime number?
True
Is 1252029659 composite?
False
Is 2032494929 composite?
True
Is 5639291551 composite?
True
Is 9260957435 prime?
False
Is 161531604935 prime?
False
Is 11367138467 composite?
True
Is 43148111 prime?
True
Is 1083532069 composite?
False
Is 8353284001 a prime number?
False
Is 39053653819 a composite number?
True
Is 98711663 composite?
False
Is 6090932333 a composite number?
False
Is 37087372263 a composite number?
True
Is 28072033687 composite?
False
Is 247418219 a composite number?
False
Is 12044166479 prime?
True
Is 28112140867 a prime number?
False
Is 2363621131 a prime number?
False
Is 5693866969 composite?
True
Is 6784159637 prime?
True
Is 274595257 prime?
False
Is 3779041489 composite?
False
Is 85211117443 composite?
False
Is 161376373 a prime number?
True
Is 1227881173 a composite number?
False
Is 1107631727 prime?
True
Is 5215719449 composite?
True
Is 213697441 prime?
False
Is 30313528177 a composite number?
False
Is 109467162139 prime?
True
Is 299290853 a composite number?
True
Is 1121626379 a prime number?
False
Is 11563741759 a composite number?
False
Is 1004177527 a prime number?
True
Is 6155315707 a composite number?
True
Is 10890990139 a composite number?
False
Is 7578259549 a prime number?
False
Is 154928245103 composite?
False
Is 15021875863 a composite number?
False
Is 181439659 composite?
True
Is 136862893733 a composite number?
True
Is 25110731213 prime?
True
Is 69755925517 a composite number?
True
Is 46084447289 composite?
False
Is 1332419119 prime?
False
Is 29314568501 a prime number?
True
Is 1159891261 prime?
True
Is 713352173 composite?
True
Is 13196682647 a prime number?
False
Is 38718701669 a composite number?
False
Is 76462023229 a composite number?
False
Is 17759770055 a prime number?
False
Is 518261683 a composite number?
True
Is 302448931 prime?
True
Is 34548139 composite?
True
Is 14435524261 prime?
False
Is 2370783829 composite?
False
Is 10132253 a composite number?
True
Is 27510904801 a composite number?
True
Is 3625985491 composite?
False
Is 3160681831 prime?
False
Is 2710193873 a prime number?
False
Is 106505536939 composite?
False
Is 5010957631 composite?
False
Is 5200521353 prime?
True
Is 41735822 a prime number?
False
Is 606873703 a prime number?
True
Is 31238273239 composite?
True
Is 64867381 composite?
True
Is 5283769 a composite number?
True
Is 5876589731 a composite number?
False
Is 2589320959 a composite number?
True
Is 15699790969 prime?
False
Is 593295683 a composite number?
True
Is 15863828167 prime?
False
Is 157957359133 prime?
False
Is 154872851 composite?
True
Is 5192724539 a composite number?
False
Is 29627486069 prime?
True
Is 587670887 composite?
True
Is 848738563 a prime number?
False
Is 2088773585 composite?
True
Is 10138429933 a composite number?
True
Is 4423796981 prime?
True
Is 953277189 composite?
True
Is 1172667641 prime?
False
Is 3751976887 a prime number?
True
Is 3561932351 prime?
True
Is 4719512927 prime?
True
Is 1625169023 composite?
True
Is 50903408593 a composite number?
True
Is 2077288963 a composite number?
True
Is 93062936287 a composite number?
False
Is 4882614799 composite?
False
Is 4834829759 a composite number?
True
Is 1890461143 a composite number?
False
Is 2579960693 a prime number?
False
Is 1504875199 a prime number?
True
Is 6577030699 a prime number?
True
Is 2514617143 a prime number?
False
Is 135900911 a prime number?
True
Is 395823997 composite?
True
Is 671900531 prime?
False
Is 283867471 a prime number?
True
Is 24038281261 a prime number?
True
Is 261457804563 composite?
True
Is 27478065767 a prime number?
True
Is 573880423 a prime number?
True
Is 5504582407 prime?
False
Is 1075213751 a composite number?
False
Is 77834199953 a composite number?
True
Is 5245711239 a composite number?
True
Is 1684862671 a prime number?
True
Is 4603496999 prime?
False
Is 8295199565 prime?
False
Is 2275267951 a composite number?
True
Is 1781255071 a composite number?
True
Is 236091841 a prime number?
False
Is 3326380843 composite?
False
Is 279787681 composite?
False
Is 7552725923 a composite number?
False
Is 7712519383 a composite number?
False
Is 12900011353 a prime number?
True
Is 937164623 composite?
True
Is 88661743813 composite?
False
Is 19659487 a composite number?
True
Is 26050667311 composite?
False
Is 16257964449 composite?
True
Is 273214920013 a prime number?
False
Is 951901361 composite?
True
Is 23863828033 a prime number?
False
Is 22152932677 composite?
True
Is 481928357 prime?
True
Is 1085406683 a prime number?
True
Is 19125265751 composite?
False
Is 20052817783 prime?
True
Is 6048154163 a composite number?
False
Is 18407696303 a composite number?
True
Is 18643939 composite?
False
Is 143346683335 a prime number?
False
Is 45490495 a composite number?
True
Is 10263518777 a prime number?
True
Is 22755653131 a composite number?
False
Is 859373893 prime?
False
Is 12085925659 prime?
True
Is 12015724033 prime?
False
Is 85309607 a composite number?
False
Is 329065400527 a composite number?
False
Is 386029331 a prime number?
True
Is 266941150231 a prime number?
False
Is 3159671387 prime?
False
Is 184248073169 prime?
True
Is 356735473 composite?
True
Is 1516745941 composite?
False
Is 15901295191 a composite number?
True
Is 58420761317 composite?
True
Is 6345569443 prime?
True
Is 597320609 a prime number?
True
Is 64354439651 composite?
True
Is 5235366509 a composite number?
False
Is 191234191 a composite number?
False
Is 3117526862 composite?
True
Is 1043989141 composite?
True
Is 944118803 composite?
False
Is 45329757131 a composite number?
True
Is 7977142253 composite?
True
Is 13472824219 prime?
False
Is 2352579271 a composite number?
True
Is 2484767203 a composite number?
False
Is 31522677031 a composite number?
True
Is 44701216655 composite?
True
Is 551353637 a prime number?
True
Is 594108659 a composite number?
False
Is 572254351 prime?
True
Is 3009804961 a prime number?
True
Is 2593670747 a prime number?
False
Is 14712574403 prime?
True
Is 306445793 prime?
False
Is 3108317701 prime?
False
Is 3525975914 a composite number?
True
Is 131805747691 a prime number?
False
Is 1179426253 a prime number?
False
Is 28233256999 prime?
False
Is 15063954193 composite?
True
Is 706691551 prime?
True
Is 20790132941 a composite number?
False
Is 3310849057 a prime number?
False
Is 1226168969 prime?
False
Is 22206558311 prime?
False
Is 12259734061 a composite number?
True
Is 77261766133 a composite number?
False
Is 512547313 a prime number?
True
Is 176970462287 a prime number?
True
Is 240278461 prime?
False
Is 191319322027 composite?
False
Is 3758404451 prime?
True
Is 66352697 a composite number?
False
Is 1145240293 prime?
False
Is 20937437 composite?
False
Is 225009523 composite?
True
Is 7203664159 prime?
False
Is 31455970991 composite?
True
Is 6252808543 a prime number?
False
Is 198726066611 prime?
True
Is 30159461 composite?
True
Is 219354647 prime?
True
Is 656165927 a composite number?
True
Is 52594251769 composite?
True
Is 49862411 prime?
False
Is 32688200527 prime?
False
Is 6346655569 composite?
False
Is 3535800119 prime?
False
Is 76147291897 a composite number?
False
Is 4594462723 composite?
False
Is 5927827723 a composite number?
False
Is 1737059459 a prime number?
True
Is 2534823659 prime?
False
Is 25196582 a prime number?
False
Is 128379670071 a prime number?
False
Is 48513695471 a prime number?
True
Is 2209851731 a prime number?
True
Is 3614815363 prime?
False
Is 403665894289 prime?
False
Is 2052411013 a prime number?
False
Is 11204724197 a composite number?
False
Is 58381207567 composite?
False
Is 2333760193 prime?
False
Is 2566985429 composite?
True
Is 6242443177 a prime number?
True
Is 9104757131 a composite number?
True
Is 171874784117 prime?
True
Is 35975229985 a prime number?
False
Is 945294307 a prime number?
True
Is 11233247561 composite?
False
Is 919968857 a composite number?
False
Is 7382744311 composite?
False
Is 410134801 a composite number?
False
Is 14937969745